 h/1*(-1 + 2)?
5
Let q be (6 + 84)*12/10. What is the units digit of q/20 + 2/(-5)?
5
Let o be (-88)/14 - 10/(-35). Let y(d) be the first derivative of d**3/3 + 3*d**2 + 3*d + 1. What is the units digit of y(o)?
3
Let t(y) = 4*y**3 + 1. Let v be t(1). Suppose -2*g - g = -3*n + 81, v*n = 3*g + 125. What is the units digit of n?
2
Suppose -3*y + y + 4 = 0. Suppose -8 = -2*c + y. Suppose -15 = -5*u - 5*r, -2*u + 4*r = -c - 7. What is the units digit of u?
4
Suppose 0*p = -p. Suppose p = -4*k - f + 35, -f = 4*k - 5*f - 40. What is the units digit of k?
9
Let f = -92 - -155. What is the tens digit of f?
6
Let y(n) = 53*n**2 - n. Let m be y(1). Let w = 80 - m. What is the units digit of w?
8
Let k = -32 - -55. What is the tens digit of k?
2
Let z(x) = -x**3 - 5*x**2 + 6*x + 1. Let t = 12 - 18. What is the units digit of z(t)?
1
Let g(d) = 2*d**3 - 2*d**2 - 2*d - 1. Let l be g(-1). What is the units digit of l + (-42)/(-1 + -2)?
1
Suppose -696 = -16*i + 10*i. What is the units digit of i?
6
Suppose 4*p - 7*w - 32 = -3*w, -4*p + 3*w + 27 = 0. Suppose -2*s + 5 = p*s. Suppose o = 4 - s. What is the units digit of o?
3
Suppose 4*i + 3*i = 378. What is the tens digit of i?
5
What is the units digit of (3/6)/((-2)/(-236))?
9
Suppose -d = -57 - 60. What is the tens digit of 2*(d/6 + -2)?
3
What is the tens digit of (-60)/48*-14*2?
3
Let i = 13 + -8. Let y = 6 - i. What is the units digit of y?
1
Let s(w) be the second derivative of w**5/20 + w**4/3 - 5*w**3/6 + 3*w**2/2 + w. Let y be s(-5). Suppose 5*f + y - 63 = 0. What is the units digit of f?
2
Suppose 2*y + 3*y - 70 = 0. What is the tens digit of y?
1
Let w be -6*((-12)/9 - -1). Suppose 0 = -2*m + 3*b + 59, -m - w*b - 3*b + 49 = 0. What is the tens digit of m?
3
Let j be ((-18)/(-12))/((-3)/(-8)). Suppose -j*l = -l - 9. What is the units digit of l?
3
Suppose 5*g = 3*g - 5*r + 6, -9 = -3*g + r. Suppose u + 6 = g*u. What is the units digit of u?
3
Let x = -65 + 114. What is the tens digit of x?
4
Let r = -131 - -286. Suppose -3*v = -8*v + r. What is the units digit of v?
1
Suppose 0 = -5*o + 3 + 7. Suppose -g + 39 = 3*h, -4*g = o*h - 3*g - 26. What is the units digit of h?
3
Let l(k) = -7*k + 1. Let o be l(1). Let z = o + 10. Suppose -24 = -3*j - 3*c, z*j = 2*j + c + 31. What is the tens digit of j?
1
Let f = 78 + -54. What is the tens digit of f?
2
Let a = 24 - 19. Let v be 36/(((-18)/4)/(-3)). Suppose 3*h - 11 = o + a, o + v = 5*h. What is the units digit of h?
4
Let i(z) be the third derivative of -z**5/30 - 13*z**4/24 - 7*z**3/6 - 5*z**2. What is the units digit of i(-5)?
8
Suppose -196 = -10*d + 734. What is the units digit of d?
3
Let j = 45 - 33. What is the tens digit of j?
1
What is the tens digit of (-2)/6 + (-110)/(-6)?
1
Let p(j) = 4*j + 2. Suppose 5*i - 2*i + 37 = -5*r, -2*r - 14 = i. Let v = 7 + i. What is the tens digit of p(v)?
1
Suppose 38 = 3*b + 5. Let y = b - 5. Suppose -3*a + y*a - 24 = 0. What is the units digit of a?
8
What is the units digit of -4 + 36 + 0 - 3?
9
Let b be ((-66)/(-4))/((-15)/(-100)). Suppose -7*g + 2*g + b = 0. What is the units digit of g?
2
Suppose -1011 = -5*r - 4*n, -r + 3*n + 206 = -0*n. What is the units digit of r?
3
Let w(g) = g**2 - 4*g - 10. Let j be w(-4). Let u = -11 - -7. Let c = j + u. What is the tens digit of c?
1
Let l(q) = -q**3 + 10*q**2 - 9*q + 3. Let n be l(9). Let s(t) = -4 - 2*t**3 + t**3 + 4*t + 0*t**3 + 3*t**2. What is the units digit of s(n)?
8
Let p = 24 + -9. Suppose 0 = -t + p - 3. What is the units digit of t?
2
Suppose 0 = 3*v - 2*v - 34. Let d = v + -21. What is the units digit of d?
3
Let l = 39 + -22. Suppose 0 = -5*f + 5, 4 = -r - f + l. What is the tens digit of r?
1
Suppose -t = -3 - 0. Let p be ((-16)/3)/(3/(-9)). Suppose 4 = -t*g + p. What is the units digit of g?
4
What is the units digit of 2/9 - (-14)/18?
1
Let k = 121 - 72. What is the tens digit of k?
4
Suppose 3*g = 4*s - 75, 4*s = 4*g + g + 69. Suppose -2*w + 5*w - s = 0. Suppose -3*l + 23 = -w. What is the units digit of l?
0
Let l(u) = -u**3 + 17*u**2 + 19*u + 20. What is the units digit of l(18)?
8
Suppose -s + 3*q + 195 - 1 = 0, 0 = 5*s - 2*q - 918. What is the units digit of s?
2
Let z = 46 - -48. What is the tens digit of z?
9
Suppose m = 3*m - 12. Suppose 0 = s - m*s + 45. Let k = -5 + s. What is the units digit of k?
4
Let u be (-149)/(-4) + 5 - (-6)/8. Suppose -4*k - 4*p + 3*p + 113 = 0, 3*p = 3*k - 81. Let j = u - k. What is the units digit of j?
5
Let a be ((-8)/3)/((-2)/3). Suppose a*u + 31 = 75. What is the tens digit of u?
1
Let j be 10/5 + (-9)/(-1). Suppose 0 = -2*d - 1 - j. What is the units digit of (-16)/(-3)*(-9)/d?
8
Suppose -2*i + 4*l + 54 = 0, -52 - 17 = -3*i + 2*l. What is the units digit of i?
1
Suppose -5*o - 8 = -38. Let s be (-2)/o + (-26)/(-6). Suppose -3*w - 5*n = -60, s*w - 4*n - 31 = 17. What is the units digit of w?
5
Suppose -2*q = -2*t - t + 33, -3*q = -4*t + 43. Suppose b = -0*b + 2. Suppose b*c - t = 17. What is the tens digit of c?
1
What is the tens digit of (-6)/15 - ((-2588)/(-10))/(-2)?
2
Suppose -3*b = -b - 56. Suppose 0 = -w + 2*z - 27, -w = -z - 3*z + 35. Let j = b + w. What is the units digit of j?
9
Let q = -29 - -72. What is the units digit of q?
3
Suppose -y + 3*z - 3 - 7 = 0, y + 4*z = 18. Suppose 38 = 3*f - y*x, 2*f - 4*x = -f + 40. What is the tens digit of f?
1
Let c(t) = -13*t + 19. What is the units digit of c(-3)?
8
Let x(a) = -22*a**2 + a - 1. Let k be x(1). Let i be (-592)/11 - (-4)/k. What is the units digit of 2/9 - 420/i?
8
Let p be (1/2)/(4/32). Suppose 2*s - 8 = -p*t, -t - 6 = -4*t - 5*s. Let y = 0 + t. What is the units digit of y?
2
Suppose -3*f - 4*k = -145, 9*f = 4*f + 4*k + 295. What is the tens digit of f?
5
Let b(z) = -22*z - 44. What is the tens digit of b(-9)?
5
What is the tens digit of -45*(-2 - ((-16)/3 - -4))?
3
Let l(d) = -d + 11. Let a be l(9). What is the tens digit of ((-40)/(-28))/(a/14)?
1
What is the units digit of ((-10)/6)/((-14)/210)?
5
Let c = 88 + 215. What is the hundreds digit of c?
3
Suppose 10*a + 115 = 15*a. What is the tens digit of a?
2
Let h = -79 - -175. Suppose -4*x + 4*y + h = 0, -3*y + 49 = x + y. What is the units digit of x?
9
Let b(x) be the second derivative of x**5/20 + x**4/2 - x**3/6 + 7*x**2/2 + x. What is the tens digit of b(-6)?
1
Let u(n) = 314*n - 6. What is the units digit of u(1)?
8
Let g be (-3)/4 - (-118)/8. Let f = 8 + g. Suppose -2*y - 4*l + f = 4, 3*y - 21 = -4*l. What is the units digit of y?
3
Let z = -4 - -6. What is the units digit of (6/(-10))/(z/(-10))?
3
Let h = -14 - -22. Let o(t) = -t**2 + 8*t - 12. Let r be o(h). Let b = -6 - r. What is the units digit of b?
6
Let y(w) = w**3 + 10*w**2 - 12*w + 4. Suppose 0 = k - 9 + 20. What is the tens digit of y(k)?
1
Suppose -2*i + 4 = -r - 2, 4*i = -4*r + 24. What is the units digit of i?
4
Let w = 7 + -2. Let v = -3 + w. Suppose s = v*s - 17. What is the tens digit of s?
1
Let p(s) be the first derivative of s**3/3 - 4*s**2 + 10*s + 2. Let y be p(7). Suppose 0 = y*q - 16 + 1. What is the units digit of q?
5
Suppose -3*a = 3*x - 2*x + 4, 5*x - 10 = -5*a. Let z(b) = -4*b. Let u be z(x). What is the units digit of 2*-2*u/8?
0
Let k(t) = 35*t**2 - t. Let n be k(1). Let a = n + -13. What is the units digit of ((-36)/a)/(1/(-7))?
2
Let c(h) = 3*h + 1. Let a = 6 + -10. Let s(n) = -n**2 - 5*n - 2. Let j be s(a). What is the units digit of c(j)?
7
Let j = 101 - 0. What is the tens digit of j?
0
What is the tens digit of ((-1)/(-2))/(1/170)?
8
Suppose -4*s + 202 = -s + l, -5*s + 334 = -l. What is the units digit of s?
7
Suppose -3*j + 611 = -5*p, 191 + 31 = j + 2*p. What is the units digit of j?
2
Suppose 3*a - 226 = -3*z - 2*z, -a - z = -72. What is the units digit of a?
7
Let b(l) = -l**2 - 7*l - 3. Let z(c) = -c**3 - 3*c**2 + 4*c. Let w be z(-4). Let v be -12*2/(4 + w). What is the units digit of b(v)?
3
What is the units digit of 0 - 1 - -1 - (-39 - 1)?
0
Let s = -20 + 50. Suppose -4*b + b - s = 0. What is the units digit of 88/20 + 4/b?
4
Let s(n) = -n**2 - 8*n - 8. Let v be s(-7). What is the units digit of -3*((-10)/6 - v)?
2
What is the units digit of (42 + 2/(-2))*1?
1
Let g = 45 - 25. What is the tens digit of g?
2
Let p = 6 - -8. What is the tens digit of p?
1
Suppose -2*z - 22 = -n + 3*z, 0 = -4*